{"id":4462,"date":"2025-12-01T21:02:24","date_gmt":"2025-12-01T20:02:24","guid":{"rendered":"https:\/\/pfe-trade.com\/sv\/?post_type=sustainability&#038;p=4462"},"modified":"2025-12-01T22:01:49","modified_gmt":"2025-12-01T21:01:49","slug":"stark-den-regionala-tradgardsnaringen","status":"publish","type":"sustainability","link":"https:\/\/pfe-trade.com\/sv\/sustainability\/stark-den-regionala-tradgardsnaringen\/","title":{"rendered":"St\u00e4rk den regionala tr\u00e4dg\u00e5rdsn\u00e4ringen"},"content":{"rendered":"<p><strong>\u00c4mne:<\/strong> Gemenskap<br \/>\n<strong>\u200dOriginalspr\u00e5k: <img decoding=\"async\" src=\"\/wp-content\/plugins\/multisite-language-switcher\/css-flags\/flags\/4x3\/de.svg\" style=\"height: 1.25rem;\" alt=\"Flag de\" title=\"DE\"\/>\u00a0<\/strong><br \/>\n<strong>Publiceringsdatum:<\/strong> 8 februari 2024<\/p>\n<p>Vid Hessian Horticultural Day betonade lantbruksdepartementets statssekreterare vikten av att st\u00f6tta den regionala tr\u00e4dg\u00e5rdsn\u00e4ringen. Bland de utmaningar som lyftes fram fanns \u00f6kande kostnader, brist p\u00e5 arbetskraft och byr\u00e5kratiska hinder \u2013 med en tydlig uppmaning om r\u00e4ttvisa konkurrensvillkor.<\/p>\n<p>L\u00e4s artikeln p\u00e5<a href=\"https:\/\/www.dega-gartenbau.de\/aktuelles\/news-gartenbau\/den-regionalen-gartenbau-staerken,QUlEPTc4NDc2MDgmTUlEPTE3NzcyNg.html?UID=0E0F45B72F81D2F46C5A4851555FA9AF04CF01913844DA\"> dega-gartenbau.de &#8230;<\/a><\/p>\n<p>&nbsp;<\/p>\n<p>&nbsp;<\/p><div class=\"acf-fields-container\" data-post-id=\"4462\" data-canto-acf=\"true\"><\/div><style>\r\n        .acf-fields-container {\r\n            margin: 2em 0;\r\n            width: 100%;\r\n            clear: both;\r\n        }\r\n        .acf-field-image {\r\n            margin: 1.5em 0;\r\n            position: relative;\r\n        }\r\n        .acf-field-label {\r\n            margin-bottom: 1em;\r\n        }\r\n        .acf-image {\r\n            max-width: 100%;\r\n            height: auto;\r\n            display: block;\r\n            margin: 1em 0;\r\n        }\r\n    <\/style>","protected":false},"featured_media":0,"template":"","meta":{"_acf_changed":false,"inline_featured_image":false},"sustainabilitycategory":[116],"class_list":["post-4462","sustainability","type-sustainability","status-publish","hentry","sustainabilitycategory-gemenskap"],"acf":[],"_links":{"self":[{"href":"https:\/\/pfe-trade.com\/sv\/wp-json\/wp\/v2\/sustainability\/4462","targetHints":{"allow":["GET"]}}],"collection":[{"href":"https:\/\/pfe-trade.com\/sv\/wp-json\/wp\/v2\/sustainability"}],"about":[{"href":"https:\/\/pfe-trade.com\/sv\/wp-json\/wp\/v2\/types\/sustainability"}],"wp:attachment":[{"href":"https:\/\/pfe-trade.com\/sv\/wp-json\/wp\/v2\/media?parent=4462"}],"wp:term":[{"taxonomy":"sustainabilitycategory","embeddable":true,"href":"https:\/\/pfe-trade.com\/sv\/wp-json\/wp\/v2\/sustainabilitycategory?post=4462"}],"curies":[{"name":"wp","href":"https:\/\/api.w.org\/{rel}","templated":true}]}}

Stärk den regionala trädgårdsnäringen

<p><strong>Ämne:</strong> Gemenskap<br />
<strong>‍Originalspråk: <img decoding="async" src="/wp-content/plugins/multisite-language-switcher/css-flags/flags/4x3/de.svg" style="height: 1.25rem;" alt="Flag de" title="DE"/> </strong><br />
<strong>Publiceringsdatum:</strong> 8 februari 2024</p>
<p>Vid Hessian Horticultural Day betonade lantbruksdepartementets statssekreterare vikten av att stötta den regionala trädgårdsnäringen. Bland de utmaningar som lyftes fram fanns ökande kostnader, brist på arbetskraft och byråkratiska hinder – med en tydlig uppmaning om rättvisa konkurrensvillkor.</p>
<p>Läs artikeln på<a href="https://www.dega-gartenbau.de/aktuelles/news-gartenbau/den-regionalen-gartenbau-staerken,QUlEPTc4NDc2MDgmTUlEPTE3NzcyNg.html?UID=0E0F45B72F81D2F46C5A4851555FA9AF04CF01913844DA"> dega-gartenbau.de &#8230;</a></p>
<p>&nbsp;</p>
<p>&nbsp;</p><div class="acf-fields-container" data-post-id="4462" data-canto-acf="true"></div><style>
        .acf-fields-container {
            margin: 2em 0;
            width: 100%;
            clear: both;
        }
        .acf-field-image {
            margin: 1.5em 0;
            position: relative;
        }
        .acf-field-label {
            margin-bottom: 1em;
        }
        .acf-image {
            max-width: 100%;
            height: auto;
            display: block;
            margin: 1em 0;
        }
    </style>
