{"id":4449,"date":"2025-12-01T20:37:22","date_gmt":"2025-12-01T19:37:22","guid":{"rendered":"https:\/\/pfe-trade.com\/sv\/?post_type=sustainability&#038;p=4449"},"modified":"2025-12-02T15:31:02","modified_gmt":"2025-12-02T14:31:02","slug":"selecta-one-inleder-berakning-av-sitt-koldioxidavtryck","status":"publish","type":"sustainability","link":"https:\/\/pfe-trade.com\/sv\/sustainability\/selecta-one-inleder-berakning-av-sitt-koldioxidavtryck\/","title":{"rendered":"Selecta One inleder ber\u00e4kning av sitt koldioxidavtryck"},"content":{"rendered":"<p><strong>\u00c4mne:<\/strong> V\u00e4xtf\u00f6r\u00e4dlare<br \/>\n<strong>\u200dOriginalspr\u00e5k: <img decoding=\"async\" src=\"\/wp-content\/plugins\/multisite-language-switcher\/css-flags\/flags\/4x3\/gb.svg\" style=\"height: 1.25rem;\" alt=\"Flag gb\" title=\"EN\"\/>\u00a0<\/strong><br \/>\n<strong>Publiceringsdatum:<\/strong> 18 januari 2023<\/p>\n<p>Selecta One samarbetar med MPS f\u00f6r att ber\u00e4kna sitt koldioxidavtryck enligt den nya FloriPEFCR-metodiken. M\u00e5let \u00e4r att \u00f6ka transparensen och fr\u00e4mja h\u00e5llbarhet i f\u00f6retagets globala verksamhet.<\/p>\n<p><em>L\u00e4s artikeln p\u00e5<\/em><a href=\"https:\/\/my-mps.com\/nieuws\/selecta-one-starts-with-carbon-footprint-calculation\/?lang=en\"><em> my-mps.com &#8230;<\/em><\/a><\/p>\n<p>&nbsp;<\/p>\n<p>&nbsp;<\/p>\n<p>&nbsp;<\/p>\n<p>&nbsp;<\/p><div class=\"acf-fields-container\" data-post-id=\"4449\" data-canto-acf=\"true\"><\/div><style>\r\n        .acf-fields-container {\r\n            margin: 2em 0;\r\n            width: 100%;\r\n            clear: both;\r\n        }\r\n        .acf-field-image {\r\n            margin: 1.5em 0;\r\n            position: relative;\r\n        }\r\n        .acf-field-label {\r\n            margin-bottom: 1em;\r\n        }\r\n        .acf-image {\r\n            max-width: 100%;\r\n            height: auto;\r\n            display: block;\r\n            margin: 1em 0;\r\n        }\r\n    <\/style>","protected":false},"featured_media":0,"template":"","meta":{"_acf_changed":false,"inline_featured_image":false},"sustainabilitycategory":[112],"class_list":["post-4449","sustainability","type-sustainability","status-publish","hentry","sustainabilitycategory-vaxtforadlare"],"acf":[],"_links":{"self":[{"href":"https:\/\/pfe-trade.com\/sv\/wp-json\/wp\/v2\/sustainability\/4449","targetHints":{"allow":["GET"]}}],"collection":[{"href":"https:\/\/pfe-trade.com\/sv\/wp-json\/wp\/v2\/sustainability"}],"about":[{"href":"https:\/\/pfe-trade.com\/sv\/wp-json\/wp\/v2\/types\/sustainability"}],"wp:attachment":[{"href":"https:\/\/pfe-trade.com\/sv\/wp-json\/wp\/v2\/media?parent=4449"}],"wp:term":[{"taxonomy":"sustainabilitycategory","embeddable":true,"href":"https:\/\/pfe-trade.com\/sv\/wp-json\/wp\/v2\/sustainabilitycategory?post=4449"}],"curies":[{"name":"wp","href":"https:\/\/api.w.org\/{rel}","templated":true}]}}

Selecta One inleder beräkning av sitt koldioxidavtryck

<p><strong>Ämne:</strong> Växtförädlare<br />
<strong>‍Originalspråk: <img decoding="async" src="/wp-content/plugins/multisite-language-switcher/css-flags/flags/4x3/gb.svg" style="height: 1.25rem;" alt="Flag gb" title="EN"/> </strong><br />
<strong>Publiceringsdatum:</strong> 18 januari 2023</p>
<p>Selecta One samarbetar med MPS för att beräkna sitt koldioxidavtryck enligt den nya FloriPEFCR-metodiken. Målet är att öka transparensen och främja hållbarhet i företagets globala verksamhet.</p>
<p><em>Läs artikeln på</em><a href="https://my-mps.com/nieuws/selecta-one-starts-with-carbon-footprint-calculation/?lang=en"><em> my-mps.com &#8230;</em></a></p>
<p>&nbsp;</p>
<p>&nbsp;</p>
<p>&nbsp;</p>
<p>&nbsp;</p><div class="acf-fields-container" data-post-id="4449" data-canto-acf="true"></div><style>
        .acf-fields-container {
            margin: 2em 0;
            width: 100%;
            clear: both;
        }
        .acf-field-image {
            margin: 1.5em 0;
            position: relative;
        }
        .acf-field-label {
            margin-bottom: 1em;
        }
        .acf-image {
            max-width: 100%;
            height: auto;
            display: block;
            margin: 1em 0;
        }
    </style>
