{"id":4406,"date":"2025-11-20T15:15:17","date_gmt":"2025-11-20T14:15:17","guid":{"rendered":"https:\/\/pfe-trade.com\/sv\/?post_type=sustainability&#038;p=4406"},"modified":"2025-11-20T15:15:17","modified_gmt":"2025-11-20T14:15:17","slug":"decentraliserade-biogasanlaggningar-istallet-for-nya-gaskraftverk","status":"publish","type":"sustainability","link":"https:\/\/pfe-trade.com\/sv\/sustainability\/decentraliserade-biogasanlaggningar-istallet-for-nya-gaskraftverk\/","title":{"rendered":"Decentraliserade biogasanl\u00e4ggningar ist\u00e4llet f\u00f6r nya gaskraftverk"},"content":{"rendered":"<p><strong>\u00c4mne:<\/strong> Energi<br \/>\n<strong>\u200dOriginalspr\u00e5k: <img decoding=\"async\" src=\"\/wp-content\/plugins\/multisite-language-switcher\/css-flags\/flags\/4x3\/de.svg\" style=\"height: 1.25rem;\" alt=\"Flag de\" title=\"DE\"\/>\u00a0<\/strong><br \/>\n<strong>Publiceringsdatum:<\/strong> 23 februari 2023<br \/>\nDen tyska Biogasf\u00f6reningen menar att framtiden f\u00f6r biogasanv\u00e4ndning i landet avg\u00f6rs nu \u2013 och uppmanar till satsningar p\u00e5 decentraliserade biogasanl\u00e4ggningar i st\u00e4llet f\u00f6r nya gaskraftverk. Befintliga anl\u00e4ggningar skulle kunna f\u00f6rdubbla sin kapacitet till 2030 och d\u00e4rmed minska behovet av ny gasinfrastruktur.<\/p>\n<p>L\u00e4s artikeln p\u00e5 <a href=\"https:\/\/www.gabot.de\/ansicht\/fachverband-biogas-dezentrale-biogasanlagen-statt-neue-gaskraftwerke-427700.html\" target=\"_blank\" rel=\"noopener\">gabot.de<\/a><\/p>\n<p>&nbsp;<\/p><div class=\"acf-fields-container\" data-post-id=\"4406\" data-canto-acf=\"true\"><\/div><style>\r\n        .acf-fields-container {\r\n            margin: 2em 0;\r\n            width: 100%;\r\n            clear: both;\r\n        }\r\n        .acf-field-image {\r\n            margin: 1.5em 0;\r\n            position: relative;\r\n        }\r\n        .acf-field-label {\r\n            margin-bottom: 1em;\r\n        }\r\n        .acf-image {\r\n            max-width: 100%;\r\n            height: auto;\r\n            display: block;\r\n            margin: 1em 0;\r\n        }\r\n    <\/style>","protected":false},"featured_media":0,"template":"","meta":{"_acf_changed":false,"inline_featured_image":false},"sustainabilitycategory":[107],"class_list":["post-4406","sustainability","type-sustainability","status-publish","hentry","sustainabilitycategory-energi"],"acf":[],"_links":{"self":[{"href":"https:\/\/pfe-trade.com\/sv\/wp-json\/wp\/v2\/sustainability\/4406","targetHints":{"allow":["GET"]}}],"collection":[{"href":"https:\/\/pfe-trade.com\/sv\/wp-json\/wp\/v2\/sustainability"}],"about":[{"href":"https:\/\/pfe-trade.com\/sv\/wp-json\/wp\/v2\/types\/sustainability"}],"wp:attachment":[{"href":"https:\/\/pfe-trade.com\/sv\/wp-json\/wp\/v2\/media?parent=4406"}],"wp:term":[{"taxonomy":"sustainabilitycategory","embeddable":true,"href":"https:\/\/pfe-trade.com\/sv\/wp-json\/wp\/v2\/sustainabilitycategory?post=4406"}],"curies":[{"name":"wp","href":"https:\/\/api.w.org\/{rel}","templated":true}]}}

Decentraliserade biogasanläggningar istället för nya gaskraftverk

<p><strong>Ämne:</strong> Energi<br />
<strong>‍Originalspråk: <img decoding="async" src="/wp-content/plugins/multisite-language-switcher/css-flags/flags/4x3/de.svg" style="height: 1.25rem;" alt="Flag de" title="DE"/> </strong><br />
<strong>Publiceringsdatum:</strong> 23 februari 2023<br />
Den tyska Biogasföreningen menar att framtiden för biogasanvändning i landet avgörs nu – och uppmanar till satsningar på decentraliserade biogasanläggningar i stället för nya gaskraftverk. Befintliga anläggningar skulle kunna fördubbla sin kapacitet till 2030 och därmed minska behovet av ny gasinfrastruktur.</p>
<p>Läs artikeln på <a href="https://www.gabot.de/ansicht/fachverband-biogas-dezentrale-biogasanlagen-statt-neue-gaskraftwerke-427700.html" target="_blank" rel="noopener">gabot.de</a></p>
<p>&nbsp;</p><div class="acf-fields-container" data-post-id="4406" data-canto-acf="true"></div><style>
        .acf-fields-container {
            margin: 2em 0;
            width: 100%;
            clear: both;
        }
        .acf-field-image {
            margin: 1.5em 0;
            position: relative;
        }
        .acf-field-label {
            margin-bottom: 1em;
        }
        .acf-image {
            max-width: 100%;
            height: auto;
            display: block;
            margin: 1em 0;
        }
    </style>
