{"id":4450,"date":"2024-02-06T14:49:55","date_gmt":"2024-02-06T13:49:55","guid":{"rendered":"https:\/\/pfe-trade.com\/sk\/?post_type=sustainability&#038;p=4450"},"modified":"2024-08-19T14:52:40","modified_gmt":"2024-08-19T12:52:40","slug":"podpora-v-tazkych-casoch","status":"publish","type":"sustainability","link":"https:\/\/pfe-trade.com\/sk\/sustainability\/podpora-v-tazkych-casoch\/","title":{"rendered":"Podpora v \u0165a\u017ek\u00fdch \u010dasoch\u00a0\u00a0"},"content":{"rendered":"<p><b><i><span data-contrast=\"auto\">T\u00e9ma:<\/span><\/i><\/b><i><span data-contrast=\"auto\"> Zamestnanos\u0165 a soci\u00e1lne zabezpe\u010denie<\/span><\/i><span data-ccp-props=\"{}\"><br \/>\n<\/span><b><i><span data-contrast=\"auto\">Jazyk p\u00f4vodn\u00e9ho \u010dl\u00e1nku<\/span><\/i><\/b><i><span data-contrast=\"auto\">: <\/span><\/i><span data-ccp-props=\"{}\"><strong><img decoding=\"async\" src=\"\/wp-content\/plugins\/multisite-language-switcher\/css-flags\/flags\/4x3\/de.svg\" style=\"height: 1.25rem;\" alt=\"Flag de\" title=\"DE\"\/><\/strong><br \/>\n<\/span><b><i><span data-contrast=\"auto\">D\u00e1tum publikovania:<\/span><\/i><\/b><i><span data-contrast=\"auto\"> 06.02.2024<\/span><\/i><span data-ccp-props=\"{}\"><br \/>\n<\/span><i><span data-contrast=\"auto\">Organiz\u00e1cia SVLFG pon\u00faka \u013eu\u010fom p\u00f4sobiacim v po\u013enohospod\u00e1rskom sektore individu\u00e1lnu podporu v\u202foblasti du\u0161evn\u00e9ho zdravia, pri\u010dom prostredn\u00edctvom viacer\u00fdch slu\u017eieb sa venuje probl\u00e9mom, ako s\u00fa stres, konflikty a kr\u00edzy.<\/span><\/i><span data-ccp-props=\"{}\">\u00a0<\/span><\/p>\n<p><a href=\"https:\/\/www.dega-gartenbau.de\/aktuelles\/news-gartenbau\/unterstuetzung-in-schweren-zeiten,QUlEPTc4NDI4NDkmTUlEPTE3NzcyNg.html?UID=0E0F45B72F81D2F46C5A4851555FA9AF04CF01913844DA\"><i><span data-contrast=\"none\">Pre\u010d\u00edtajte si viac na dega-gartenbau.de &#8230;<\/span><\/i><\/a><span data-ccp-props=\"{}\">\u00a0<\/span><\/p><div class=\"acf-fields-container\" data-post-id=\"4450\" data-canto-acf=\"true\"><\/div><style>\r\n        .acf-fields-container {\r\n            margin: 2em 0;\r\n            width: 100%;\r\n            clear: both;\r\n        }\r\n        .acf-field-image {\r\n            margin: 1.5em 0;\r\n            position: relative;\r\n        }\r\n        .acf-field-label {\r\n            margin-bottom: 1em;\r\n        }\r\n        .acf-image {\r\n            max-width: 100%;\r\n            height: auto;\r\n            display: block;\r\n            margin: 1em 0;\r\n        }\r\n    <\/style>","protected":false},"featured_media":0,"template":"","meta":{"_acf_changed":false,"inline_featured_image":false},"sustainabilitycategory":[107],"class_list":["post-4450","sustainability","type-sustainability","status-publish","hentry","sustainabilitycategory-zamestnanost-a-socialne-zabezpecenie"],"acf":[],"_links":{"self":[{"href":"https:\/\/pfe-trade.com\/sk\/wp-json\/wp\/v2\/sustainability\/4450","targetHints":{"allow":["GET"]}}],"collection":[{"href":"https:\/\/pfe-trade.com\/sk\/wp-json\/wp\/v2\/sustainability"}],"about":[{"href":"https:\/\/pfe-trade.com\/sk\/wp-json\/wp\/v2\/types\/sustainability"}],"wp:attachment":[{"href":"https:\/\/pfe-trade.com\/sk\/wp-json\/wp\/v2\/media?parent=4450"}],"wp:term":[{"taxonomy":"sustainabilitycategory","embeddable":true,"href":"https:\/\/pfe-trade.com\/sk\/wp-json\/wp\/v2\/sustainabilitycategory?post=4450"}],"curies":[{"name":"wp","href":"https:\/\/api.w.org\/{rel}","templated":true}]}}

Podpora v ťažkých časoch

<p><b><i><span data-contrast="auto">Téma:</span></i></b><i><span data-contrast="auto"> Zamestnanosť a sociálne zabezpečenie</span></i><span data-ccp-props="{}"><br />
</span><b><i><span data-contrast="auto">Jazyk pôvodného článku</span></i></b><i><span data-contrast="auto">: </span></i><span data-ccp-props="{}"><strong><img decoding="async" src="/wp-content/plugins/multisite-language-switcher/css-flags/flags/4x3/de.svg" style="height: 1.25rem;" alt="Flag de" title="DE"/></strong><br />
</span><b><i><span data-contrast="auto">Dátum publikovania:</span></i></b><i><span data-contrast="auto"> 06.02.2024</span></i><span data-ccp-props="{}"><br />
</span><i><span data-contrast="auto">Organizácia SVLFG ponúka ľuďom pôsobiacim v poľnohospodárskom sektore individuálnu podporu v oblasti duševného zdravia, pričom prostredníctvom viacerých služieb sa venuje problémom, ako sú stres, konflikty a krízy.</span></i><span data-ccp-props="{}"> </span></p>
<p><a href="https://www.dega-gartenbau.de/aktuelles/news-gartenbau/unterstuetzung-in-schweren-zeiten,QUlEPTc4NDI4NDkmTUlEPTE3NzcyNg.html?UID=0E0F45B72F81D2F46C5A4851555FA9AF04CF01913844DA"><i><span data-contrast="none">Prečítajte si viac na dega-gartenbau.de &#8230;</span></i></a><span data-ccp-props="{}"> </span></p><div class="acf-fields-container" data-post-id="4450" data-canto-acf="true"></div><style>
        .acf-fields-container {
            margin: 2em 0;
            width: 100%;
            clear: both;
        }
        .acf-field-image {
            margin: 1.5em 0;
            position: relative;
        }
        .acf-field-label {
            margin-bottom: 1em;
        }
        .acf-image {
            max-width: 100%;
            height: auto;
            display: block;
            margin: 1em 0;
        }
    </style>
