{"id":4462,"date":"2024-02-06T14:20:23","date_gmt":"2024-02-06T13:20:23","guid":{"rendered":"https:\/\/pfe-trade.com\/ro\/?post_type=sustainability&#038;p=4462"},"modified":"2024-09-05T13:43:33","modified_gmt":"2024-09-05T11:43:33","slug":"sprijin-in-vremuri-dificile","status":"publish","type":"sustainability","link":"https:\/\/pfe-trade.com\/ro\/sustainability\/sprijin-in-vremuri-dificile\/","title":{"rendered":"Sprijin \u00een vremuri dificile\u00a0"},"content":{"rendered":"<p><b><span data-contrast=\"auto\">Tema: <\/span><\/b>Angajare \u0219i bun\u0103stare<span data-ccp-props=\"{&quot;134233117&quot;:true,&quot;134233118&quot;:true}\"><br \/>\n<\/span><b><span data-contrast=\"auto\">Limb\u0103 surs\u0103:<\/span><\/b><span data-ccp-props=\"{&quot;134233117&quot;:true,&quot;134233118&quot;:true}\"> <strong><img decoding=\"async\" src=\"\/wp-content\/plugins\/multisite-language-switcher\/css-flags\/flags\/4x3\/de.svg\" style=\"height: 1.25rem;\" alt=\"Flag de\" title=\"DE\"\/> <\/strong><br \/>\n<\/span><span data-contrast=\"auto\"><strong>Data public\u0103rii:<\/strong> 06.02.2024<\/span><span data-ccp-props=\"{&quot;134233117&quot;:true,&quot;134233118&quot;:true}\"><br \/>\n<\/span><span data-contrast=\"auto\">SVLFG ofer\u0103 suport personalizat pentru s\u0103n\u0103tatea mintal\u0103 persoanelor din sectorul agricol, abord\u00e2nd probleme precum stresul, conflictele \u0219i crizele prin diverse servicii.<\/span><span data-ccp-props=\"{&quot;134233117&quot;:true,&quot;134233118&quot;:true}\">\u00a0<\/span><\/p>\n<p><span data-contrast=\"auto\">Cite\u0219te mai multe pe <a href=\"https:\/\/www.dega-gartenbau.de\/aktuelles\/news-gartenbau\/unterstuetzung-in-schweren-zeiten,QUlEPTc4NDI4NDkmTUlEPTE3NzcyNg.html?UID=0E0F45B72F81D2F46C5A4851555FA9AF04CF01913844DA\">dega-gartenbau.de<\/a>&#8230;<\/span><span data-ccp-props=\"{&quot;134233117&quot;:true,&quot;134233118&quot;:true}\">\u00a0<\/span><\/p><div class=\"acf-fields-container\" data-post-id=\"4462\" data-canto-acf=\"true\"><\/div><style>\r\n        .acf-fields-container {\r\n            margin: 2em 0;\r\n            width: 100%;\r\n            clear: both;\r\n        }\r\n        .acf-field-image {\r\n            margin: 1.5em 0;\r\n            position: relative;\r\n        }\r\n        .acf-field-label {\r\n            margin-bottom: 1em;\r\n        }\r\n        .acf-image {\r\n            max-width: 100%;\r\n            height: auto;\r\n            display: block;\r\n            margin: 1em 0;\r\n        }\r\n    <\/style>","protected":false},"featured_media":0,"template":"","meta":{"_acf_changed":false,"inline_featured_image":false},"sustainabilitycategory":[107],"class_list":["post-4462","sustainability","type-sustainability","status-publish","hentry","sustainabilitycategory-angajare-si-bunastare"],"acf":[],"_links":{"self":[{"href":"https:\/\/pfe-trade.com\/ro\/wp-json\/wp\/v2\/sustainability\/4462","targetHints":{"allow":["GET"]}}],"collection":[{"href":"https:\/\/pfe-trade.com\/ro\/wp-json\/wp\/v2\/sustainability"}],"about":[{"href":"https:\/\/pfe-trade.com\/ro\/wp-json\/wp\/v2\/types\/sustainability"}],"wp:attachment":[{"href":"https:\/\/pfe-trade.com\/ro\/wp-json\/wp\/v2\/media?parent=4462"}],"wp:term":[{"taxonomy":"sustainabilitycategory","embeddable":true,"href":"https:\/\/pfe-trade.com\/ro\/wp-json\/wp\/v2\/sustainabilitycategory?post=4462"}],"curies":[{"name":"wp","href":"https:\/\/api.w.org\/{rel}","templated":true}]}}

Sprijin în vremuri dificile

<p><b><span data-contrast="auto">Tema: </span></b>Angajare și bunăstare<span data-ccp-props="{&quot;134233117&quot;:true,&quot;134233118&quot;:true}"><br />
</span><b><span data-contrast="auto">Limbă sursă:</span></b><span data-ccp-props="{&quot;134233117&quot;:true,&quot;134233118&quot;:true}"> <strong><img decoding="async" src="/wp-content/plugins/multisite-language-switcher/css-flags/flags/4x3/de.svg" style="height: 1.25rem;" alt="Flag de" title="DE"/> </strong><br />
</span><span data-contrast="auto"><strong>Data publicării:</strong> 06.02.2024</span><span data-ccp-props="{&quot;134233117&quot;:true,&quot;134233118&quot;:true}"><br />
</span><span data-contrast="auto">SVLFG oferă suport personalizat pentru sănătatea mintală persoanelor din sectorul agricol, abordând probleme precum stresul, conflictele și crizele prin diverse servicii.</span><span data-ccp-props="{&quot;134233117&quot;:true,&quot;134233118&quot;:true}"> </span></p>
<p><span data-contrast="auto">Citește mai multe pe <a href="https://www.dega-gartenbau.de/aktuelles/news-gartenbau/unterstuetzung-in-schweren-zeiten,QUlEPTc4NDI4NDkmTUlEPTE3NzcyNg.html?UID=0E0F45B72F81D2F46C5A4851555FA9AF04CF01913844DA">dega-gartenbau.de</a>&#8230;</span><span data-ccp-props="{&quot;134233117&quot;:true,&quot;134233118&quot;:true}"> </span></p><div class="acf-fields-container" data-post-id="4462" data-canto-acf="true"></div><style>
        .acf-fields-container {
            margin: 2em 0;
            width: 100%;
            clear: both;
        }
        .acf-field-image {
            margin: 1.5em 0;
            position: relative;
        }
        .acf-field-label {
            margin-bottom: 1em;
        }
        .acf-image {
            max-width: 100%;
            height: auto;
            display: block;
            margin: 1em 0;
        }
    </style>
