{"id":4470,"date":"2023-05-01T22:15:08","date_gmt":"2023-05-01T20:15:08","guid":{"rendered":"https:\/\/pfe-trade.com\/hu\/?post_type=sustainability&#038;p=4470"},"modified":"2024-08-26T22:18:14","modified_gmt":"2024-08-26T20:18:14","slug":"a-mi-agazatunk-felelossege-hogy-a-vilag-korlatozott-eroforrasait-a-leheto-leghatekonyabban-es-minel-fenntarthatobb-modon-hasznaljuk-fel","status":"publish","type":"sustainability","link":"https:\/\/pfe-trade.com\/hu\/sustainability\/a-mi-agazatunk-felelossege-hogy-a-vilag-korlatozott-eroforrasait-a-leheto-leghatekonyabban-es-minel-fenntarthatobb-modon-hasznaljuk-fel\/","title":{"rendered":"&#8222;A mi \u00e1gazatunk felel\u0151ss\u00e9ge, hogy a vil\u00e1g korl\u00e1tozott er\u0151forr\u00e1sait a lehet\u0151 leghat\u00e9konyabban \u00e9s min\u00e9l fenntarthat\u00f3bb m\u00f3don haszn\u00e1ljuk fel.\u201d"},"content":{"rendered":"<p><strong>T\u00e9ma:<\/strong> &#8222;Az Eur\u00f3pai Bizotts\u00e1g a vil\u00e1g legjelent\u0151sebb gazdas\u00e1gi szerepl\u0151i k\u00f6z\u00e9 tartozik: Tan\u00fas\u00edt\u00e1s \u00e9s m\u00e9r\u00e9s<br \/>\n<strong>A forr\u00e1s nyelve: <img decoding=\"async\" src=\"\/wp-content\/plugins\/multisite-language-switcher\/css-flags\/flags\/4x3\/gb.svg\" style=\"height: 1.25rem;\" alt=\"Flag gb\" title=\"EN\"\/><\/strong><br \/>\n<strong>Megjelen\u00e9s d\u00e1tuma:<\/strong>\u00a001.05.2023<br \/>\nDr. Kristian Moeller, a GLOBALG.A.P. munkat\u00e1rsa a vir\u00e1gtermeszt\u00e9si \u00e1gazat felel\u0151s gazd\u00e1lkod\u00e1s\u00e1r\u00f3l, fenntarthat\u00f3s\u00e1g\u00e1r\u00f3l \u00e9s a munkav\u00e1llal\u00f3k j\u00f3l\u00e9t\u00e9r\u0151l, valamint az \u00faj, 6. verzi\u00f3j\u00fa IFA-szabv\u00e1nyr\u00f3l besz\u00e9l.<br \/>\n\u200d<br \/>\nOlvass r\u00f3la b\u0151vebben az<a href=\"https:\/\/aiph.org\/floraculture\/news\/our-sector-has-a-responsibility-to-use-the-worlds-limited-resources-as-efficiently-and-sustainably-as-possible\/\"> aipho.org <\/a>oldalon<\/p>\n<p>&nbsp;<\/p><div class=\"acf-fields-container\" data-post-id=\"4470\" data-canto-acf=\"true\"><\/div><style>\r\n        .acf-fields-container {\r\n            margin: 2em 0;\r\n            width: 100%;\r\n            clear: both;\r\n        }\r\n        .acf-field-image {\r\n            margin: 1.5em 0;\r\n            position: relative;\r\n        }\r\n        .acf-field-label {\r\n            margin-bottom: 1em;\r\n        }\r\n        .acf-image {\r\n            max-width: 100%;\r\n            height: auto;\r\n            display: block;\r\n            margin: 1em 0;\r\n        }\r\n    <\/style>","protected":false},"featured_media":0,"template":"","meta":{"_acf_changed":false,"inline_featured_image":false},"sustainabilitycategory":[109],"class_list":["post-4470","sustainability","type-sustainability","status-publish","hentry","sustainabilitycategory-tanusitas-es-meres"],"acf":[],"_links":{"self":[{"href":"https:\/\/pfe-trade.com\/hu\/wp-json\/wp\/v2\/sustainability\/4470","targetHints":{"allow":["GET"]}}],"collection":[{"href":"https:\/\/pfe-trade.com\/hu\/wp-json\/wp\/v2\/sustainability"}],"about":[{"href":"https:\/\/pfe-trade.com\/hu\/wp-json\/wp\/v2\/types\/sustainability"}],"wp:attachment":[{"href":"https:\/\/pfe-trade.com\/hu\/wp-json\/wp\/v2\/media?parent=4470"}],"wp:term":[{"taxonomy":"sustainabilitycategory","embeddable":true,"href":"https:\/\/pfe-trade.com\/hu\/wp-json\/wp\/v2\/sustainabilitycategory?post=4470"}],"curies":[{"name":"wp","href":"https:\/\/api.w.org\/{rel}","templated":true}]}}

&#8222;A mi ágazatunk felelőssége, hogy a világ korlátozott erőforrásait a lehető leghatékonyabban és minél fenntarthatóbb módon használjuk fel.”

<p><strong>Téma:</strong> &#8222;Az Európai Bizottság a világ legjelentősebb gazdasági szereplői közé tartozik: Tanúsítás és mérés<br />
<strong>A forrás nyelve: <img decoding="async" src="/wp-content/plugins/multisite-language-switcher/css-flags/flags/4x3/gb.svg" style="height: 1.25rem;" alt="Flag gb" title="EN"/></strong><br />
<strong>Megjelenés dátuma:</strong> 01.05.2023<br />
Dr. Kristian Moeller, a GLOBALG.A.P. munkatársa a virágtermesztési ágazat felelős gazdálkodásáról, fenntarthatóságáról és a munkavállalók jólétéről, valamint az új, 6. verziójú IFA-szabványról beszél.<br />
‍<br />
Olvass róla bővebben az<a href="https://aiph.org/floraculture/news/our-sector-has-a-responsibility-to-use-the-worlds-limited-resources-as-efficiently-and-sustainably-as-possible/"> aipho.org </a>oldalon</p>
<p>&nbsp;</p><div class="acf-fields-container" data-post-id="4470" data-canto-acf="true"></div><style>
        .acf-fields-container {
            margin: 2em 0;
            width: 100%;
            clear: both;
        }
        .acf-field-image {
            margin: 1.5em 0;
            position: relative;
        }
        .acf-field-label {
            margin-bottom: 1em;
        }
        .acf-image {
            max-width: 100%;
            height: auto;
            display: block;
            margin: 1em 0;
        }
    </style>
