{"id":4466,"date":"2024-02-13T21:58:10","date_gmt":"2024-02-13T20:58:10","guid":{"rendered":"https:\/\/pfe-trade.com\/hu\/?post_type=sustainability&#038;p=4466"},"modified":"2024-08-26T22:00:55","modified_gmt":"2024-08-26T20:00:55","slug":"az-europai-bizottsag-jovahagyta-a-floripefcr-t","status":"publish","type":"sustainability","link":"https:\/\/pfe-trade.com\/hu\/sustainability\/az-europai-bizottsag-jovahagyta-a-floripefcr-t\/","title":{"rendered":"Az Eur\u00f3pai Bizotts\u00e1g j\u00f3v\u00e1hagyta a FloriPEFCR-t"},"content":{"rendered":"<p><strong>T\u00e9ma:<\/strong> Tan\u00fas\u00edt\u00e1s \u00e9s m\u00e9r\u00e9s<br \/>\n<strong>Forr\u00e1s nyelve: <img decoding=\"async\" src=\"\/wp-content\/plugins\/multisite-language-switcher\/css-flags\/flags\/4x3\/gb.svg\" style=\"height: 1.25rem;\" alt=\"Flag gb\" title=\"EN\"\/><\/strong><br \/>\n<strong>Megjelen\u00e9s d\u00e1tuma:<\/strong> 13.02.2024<br \/>\nAz Eur\u00f3pai Bizotts\u00e1g \u00e1ltal j\u00f3v\u00e1hagyott FloriPEFCR, a vir\u00e1gtermeszt\u00e9s k\u00f6rnyezeti hat\u00e1ssz\u00e1m\u00edt\u00e1sainak szabv\u00e1nya, c\u00e9lja, hogy tisztess\u00e9ges \u00e9s \u00f6sszehasonl\u00edthat\u00f3 \u00e9rt\u00e9kel\u00e9seket biztos\u00edtson, mik\u00f6zben megakad\u00e1lyozza a hamis k\u00f6rnyezetv\u00e9delmi \u00e1ll\u00edt\u00e1sokat.<br \/>\n\u200d<br \/>\nOlvass r\u00f3la b\u0151vebben a<a href=\"https:\/\/www.wur.nl\/en\/research-results\/research-institutes\/economic-research\/show-wecr\/floripefcr-approved-by-the-european-commission.htm\"> wurl.nl oldalon<\/a><\/p><div class=\"acf-fields-container\" data-post-id=\"4466\" data-canto-acf=\"true\"><\/div><style>\r\n        .acf-fields-container {\r\n            margin: 2em 0;\r\n            width: 100%;\r\n            clear: both;\r\n        }\r\n        .acf-field-image {\r\n            margin: 1.5em 0;\r\n            position: relative;\r\n        }\r\n        .acf-field-label {\r\n            margin-bottom: 1em;\r\n        }\r\n        .acf-image {\r\n            max-width: 100%;\r\n            height: auto;\r\n            display: block;\r\n            margin: 1em 0;\r\n        }\r\n    <\/style>","protected":false},"featured_media":0,"template":"","meta":{"_acf_changed":false,"inline_featured_image":false},"sustainabilitycategory":[109],"class_list":["post-4466","sustainability","type-sustainability","status-publish","hentry","sustainabilitycategory-tanusitas-es-meres"],"acf":[],"_links":{"self":[{"href":"https:\/\/pfe-trade.com\/hu\/wp-json\/wp\/v2\/sustainability\/4466","targetHints":{"allow":["GET"]}}],"collection":[{"href":"https:\/\/pfe-trade.com\/hu\/wp-json\/wp\/v2\/sustainability"}],"about":[{"href":"https:\/\/pfe-trade.com\/hu\/wp-json\/wp\/v2\/types\/sustainability"}],"wp:attachment":[{"href":"https:\/\/pfe-trade.com\/hu\/wp-json\/wp\/v2\/media?parent=4466"}],"wp:term":[{"taxonomy":"sustainabilitycategory","embeddable":true,"href":"https:\/\/pfe-trade.com\/hu\/wp-json\/wp\/v2\/sustainabilitycategory?post=4466"}],"curies":[{"name":"wp","href":"https:\/\/api.w.org\/{rel}","templated":true}]}}

Az Európai Bizottság jóváhagyta a FloriPEFCR-t

<p><strong>Téma:</strong> Tanúsítás és mérés<br />
<strong>Forrás nyelve: <img decoding="async" src="/wp-content/plugins/multisite-language-switcher/css-flags/flags/4x3/gb.svg" style="height: 1.25rem;" alt="Flag gb" title="EN"/></strong><br />
<strong>Megjelenés dátuma:</strong> 13.02.2024<br />
Az Európai Bizottság által jóváhagyott FloriPEFCR, a virágtermesztés környezeti hatásszámításainak szabványa, célja, hogy tisztességes és összehasonlítható értékeléseket biztosítson, miközben megakadályozza a hamis környezetvédelmi állításokat.<br />
‍<br />
Olvass róla bővebben a<a href="https://www.wur.nl/en/research-results/research-institutes/economic-research/show-wecr/floripefcr-approved-by-the-european-commission.htm"> wurl.nl oldalon</a></p><div class="acf-fields-container" data-post-id="4466" data-canto-acf="true"></div><style>
        .acf-fields-container {
            margin: 2em 0;
            width: 100%;
            clear: both;
        }
        .acf-field-image {
            margin: 1.5em 0;
            position: relative;
        }
        .acf-field-label {
            margin-bottom: 1em;
        }
        .acf-image {
            max-width: 100%;
            height: auto;
            display: block;
            margin: 1em 0;
        }
    </style>
