{"id":4447,"date":"2023-01-18T15:14:09","date_gmt":"2023-01-18T14:14:09","guid":{"rendered":"https:\/\/pfe-trade.com\/hu\/?post_type=sustainability&#038;p=4447"},"modified":"2024-08-26T15:17:25","modified_gmt":"2024-08-26T13:17:25","slug":"a-selecta-one-a-szenlabnyom-szamitassal-kezdodik","status":"publish","type":"sustainability","link":"https:\/\/pfe-trade.com\/hu\/sustainability\/a-selecta-one-a-szenlabnyom-szamitassal-kezdodik\/","title":{"rendered":"A Selecta One a sz\u00e9nl\u00e1bnyom-sz\u00e1m\u00edt\u00e1ssal kezd\u0151dik"},"content":{"rendered":"<p><strong>T\u00e9ma:<\/strong> Teny\u00e9szt\u0151k<br \/>\n<strong>\u200dA forr\u00e1s nyelve: <img decoding=\"async\" src=\"\/wp-content\/plugins\/multisite-language-switcher\/css-flags\/flags\/4x3\/gb.svg\" style=\"height: 1.25rem;\" alt=\"Flag gb\" title=\"EN\"\/>\u00a0<\/strong><br \/>\n<strong>Megjelen\u00e9s d\u00e1tuma:<\/strong> 18.01.2023<br \/>\nA Selecta One az MPS-szel egy\u00fcttm\u0171k\u00f6dve az \u00faj FloriPEFCR-m\u00f3dszertan alapj\u00e1n sz\u00e1m\u00edtja ki sz\u00e9nl\u00e1bnyom\u00e1t, amelynek c\u00e9lja a glob\u00e1lis m\u0171k\u00f6d\u00e9s \u00e1tl\u00e1that\u00f3s\u00e1ga \u00e9s fenntarthat\u00f3s\u00e1ga.<\/p>\n<p>Olvass r\u00f3la b\u0151vebben a<a href=\"https:\/\/my-mps.com\/nieuws\/selecta-one-starts-with-carbon-footprint-calculation\/?lang=en\"> my-mps.com <\/a>oldal\u00e1n\u2026<\/p>\n<p>&nbsp;<\/p><div class=\"acf-fields-container\" data-post-id=\"4447\" data-canto-acf=\"true\"><\/div><style>\r\n        .acf-fields-container {\r\n            margin: 2em 0;\r\n            width: 100%;\r\n            clear: both;\r\n        }\r\n        .acf-field-image {\r\n            margin: 1.5em 0;\r\n            position: relative;\r\n        }\r\n        .acf-field-label {\r\n            margin-bottom: 1em;\r\n        }\r\n        .acf-image {\r\n            max-width: 100%;\r\n            height: auto;\r\n            display: block;\r\n            margin: 1em 0;\r\n        }\r\n    <\/style>","protected":false},"featured_media":0,"template":"","meta":{"_acf_changed":false,"inline_featured_image":false},"sustainabilitycategory":[103],"class_list":["post-4447","sustainability","type-sustainability","status-publish","hentry","sustainabilitycategory-tenyesztes"],"acf":[],"_links":{"self":[{"href":"https:\/\/pfe-trade.com\/hu\/wp-json\/wp\/v2\/sustainability\/4447","targetHints":{"allow":["GET"]}}],"collection":[{"href":"https:\/\/pfe-trade.com\/hu\/wp-json\/wp\/v2\/sustainability"}],"about":[{"href":"https:\/\/pfe-trade.com\/hu\/wp-json\/wp\/v2\/types\/sustainability"}],"wp:attachment":[{"href":"https:\/\/pfe-trade.com\/hu\/wp-json\/wp\/v2\/media?parent=4447"}],"wp:term":[{"taxonomy":"sustainabilitycategory","embeddable":true,"href":"https:\/\/pfe-trade.com\/hu\/wp-json\/wp\/v2\/sustainabilitycategory?post=4447"}],"curies":[{"name":"wp","href":"https:\/\/api.w.org\/{rel}","templated":true}]}}

A Selecta One a szénlábnyom-számítással kezdődik

<p><strong>Téma:</strong> Tenyésztők<br />
<strong>‍A forrás nyelve: <img decoding="async" src="/wp-content/plugins/multisite-language-switcher/css-flags/flags/4x3/gb.svg" style="height: 1.25rem;" alt="Flag gb" title="EN"/> </strong><br />
<strong>Megjelenés dátuma:</strong> 18.01.2023<br />
A Selecta One az MPS-szel együttműködve az új FloriPEFCR-módszertan alapján számítja ki szénlábnyomát, amelynek célja a globális működés átláthatósága és fenntarthatósága.</p>
<p>Olvass róla bővebben a<a href="https://my-mps.com/nieuws/selecta-one-starts-with-carbon-footprint-calculation/?lang=en"> my-mps.com </a>oldalán…</p>
<p>&nbsp;</p><div class="acf-fields-container" data-post-id="4447" data-canto-acf="true"></div><style>
        .acf-fields-container {
            margin: 2em 0;
            width: 100%;
            clear: both;
        }
        .acf-field-image {
            margin: 1.5em 0;
            position: relative;
        }
        .acf-field-label {
            margin-bottom: 1em;
        }
        .acf-image {
            max-width: 100%;
            height: auto;
            display: block;
            margin: 1em 0;
        }
    </style>
