{"id":4406,"date":"2024-01-25T12:00:02","date_gmt":"2024-01-25T11:00:02","guid":{"rendered":"https:\/\/pfe-trade.com\/hu\/?post_type=sustainability&#038;p=4406"},"modified":"2024-08-23T12:04:36","modified_gmt":"2024-08-23T10:04:36","slug":"robotika-es-mesterseges-intelligencia-a-mezogazdasagban-az-ai-land-mostantol-az-agrobusiness-niederrhein-tagja","status":"publish","type":"sustainability","link":"https:\/\/pfe-trade.com\/hu\/sustainability\/robotika-es-mesterseges-intelligencia-a-mezogazdasagban-az-ai-land-mostantol-az-agrobusiness-niederrhein-tagja\/","title":{"rendered":"Robotika \u00e9s mesters\u00e9ges intelligencia a mez\u0151gazdas\u00e1gban &#8211; az AI.Land mostant\u00f3l az Agrobusiness Niederrhein tagja"},"content":{"rendered":"<p><strong>T\u00e9ma:<\/strong> Vegyes<br \/>\n<strong>A forr\u00e1s nyelve: <img decoding=\"async\" src=\"\/wp-content\/plugins\/multisite-language-switcher\/css-flags\/flags\/4x3\/de.svg\" style=\"height: 1.25rem;\" alt=\"Flag de\" title=\"DE\"\/>\u00a0<\/strong><br \/>\n<strong>Megjelen\u00e9s d\u00e1tuma:<\/strong> 25.01.2024<br \/>\nEbben az interj\u00faban Dr. Josef Franko egy napenergi\u00e1val hajtott, t\u00f6bbc\u00e9l\u00fa robotot mutat be, ami elv\u00e9gzi a n\u00f6v\u00e9nyek \u00fcltet\u00e9s\u00e9t, \u00f6nt\u00f6z\u00e9s\u00e9t, v\u00e9delm\u00e9t \u00e9s betakar\u00edt\u00e1s\u00e1t. z AI.Land csatlakozik az Agrobusiness Niederrheinhez az innovat\u00edv robotika oldal\u00e1r\u00f3l.<\/p>\n<p>Olvass r\u00f3la b\u0151vebben a<a href=\"https:\/\/www.dega-gartenbau.de\/aktuelles\/news-gartenbau\/robotik-und-ki-fuer-die-landwirtschaft-ai-land-ist-jetzt-mitglied-bei-agrobusiness-niederrhein,QUlEPTc4NDI2MDgmTUlEPTE3NzcyNg.html?UID=0E0F45B72F81D2F46C5A4851555FA9AF04CF01913844DB\"> dega-gartenbau.de <\/a>oldal\u00e1n\u2026<\/p>\n<p>&nbsp;<\/p><div class=\"acf-fields-container\" data-post-id=\"4406\" data-canto-acf=\"true\"><\/div><style>\r\n        .acf-fields-container {\r\n            margin: 2em 0;\r\n            width: 100%;\r\n            clear: both;\r\n        }\r\n        .acf-field-image {\r\n            margin: 1.5em 0;\r\n            position: relative;\r\n        }\r\n        .acf-field-label {\r\n            margin-bottom: 1em;\r\n        }\r\n        .acf-image {\r\n            max-width: 100%;\r\n            height: auto;\r\n            display: block;\r\n            margin: 1em 0;\r\n        }\r\n    <\/style>","protected":false},"featured_media":0,"template":"","meta":{"_acf_changed":false,"inline_featured_image":false},"sustainabilitycategory":[113],"class_list":["post-4406","sustainability","type-sustainability","status-publish","hentry","sustainabilitycategory-vegyes-temakorok"],"acf":[],"_links":{"self":[{"href":"https:\/\/pfe-trade.com\/hu\/wp-json\/wp\/v2\/sustainability\/4406","targetHints":{"allow":["GET"]}}],"collection":[{"href":"https:\/\/pfe-trade.com\/hu\/wp-json\/wp\/v2\/sustainability"}],"about":[{"href":"https:\/\/pfe-trade.com\/hu\/wp-json\/wp\/v2\/types\/sustainability"}],"wp:attachment":[{"href":"https:\/\/pfe-trade.com\/hu\/wp-json\/wp\/v2\/media?parent=4406"}],"wp:term":[{"taxonomy":"sustainabilitycategory","embeddable":true,"href":"https:\/\/pfe-trade.com\/hu\/wp-json\/wp\/v2\/sustainabilitycategory?post=4406"}],"curies":[{"name":"wp","href":"https:\/\/api.w.org\/{rel}","templated":true}]}}

Robotika és mesterséges intelligencia a mezőgazdaságban &#8211; az AI.Land mostantól az Agrobusiness Niederrhein tagja

<p><strong>Téma:</strong> Vegyes<br />
<strong>A forrás nyelve: <img decoding="async" src="/wp-content/plugins/multisite-language-switcher/css-flags/flags/4x3/de.svg" style="height: 1.25rem;" alt="Flag de" title="DE"/> </strong><br />
<strong>Megjelenés dátuma:</strong> 25.01.2024<br />
Ebben az interjúban Dr. Josef Franko egy napenergiával hajtott, többcélú robotot mutat be, ami elvégzi a növények ültetését, öntözését, védelmét és betakarítását. z AI.Land csatlakozik az Agrobusiness Niederrheinhez az innovatív robotika oldaláról.</p>
<p>Olvass róla bővebben a<a href="https://www.dega-gartenbau.de/aktuelles/news-gartenbau/robotik-und-ki-fuer-die-landwirtschaft-ai-land-ist-jetzt-mitglied-bei-agrobusiness-niederrhein,QUlEPTc4NDI2MDgmTUlEPTE3NzcyNg.html?UID=0E0F45B72F81D2F46C5A4851555FA9AF04CF01913844DB"> dega-gartenbau.de </a>oldalán…</p>
<p>&nbsp;</p><div class="acf-fields-container" data-post-id="4406" data-canto-acf="true"></div><style>
        .acf-fields-container {
            margin: 2em 0;
            width: 100%;
            clear: both;
        }
        .acf-field-image {
            margin: 1.5em 0;
            position: relative;
        }
        .acf-field-label {
            margin-bottom: 1em;
        }
        .acf-image {
            max-width: 100%;
            height: auto;
            display: block;
            margin: 1em 0;
        }
    </style>
