{"id":4423,"date":"2024-01-25T11:01:09","date_gmt":"2024-01-25T10:01:09","guid":{"rendered":"https:\/\/pfe-trade.com\/cs\/?post_type=sustainability&#038;p=4423"},"modified":"2024-08-09T11:04:56","modified_gmt":"2024-08-09T09:04:56","slug":"robotika-a-umela-inteligence-pro-zemedelstvi-ai-land-je-nyni-clenem-agrobusiness-niederrhein","status":"publish","type":"sustainability","link":"https:\/\/pfe-trade.com\/cs\/sustainability\/robotika-a-umela-inteligence-pro-zemedelstvi-ai-land-je-nyni-clenem-agrobusiness-niederrhein\/","title":{"rendered":"Robotika a um\u011bl\u00e1 inteligence pro zem\u011bd\u011blstv\u00ed \u2013 AI.Land je nyn\u00ed \u010dlenem Agrobusiness Niederrhein"},"content":{"rendered":"<p><strong>T\u00e9ma:<\/strong> Sm\u00ed\u0161en\u00e9<br \/>\n<strong>Jazyk zdroje: <img decoding=\"async\" src=\"\/wp-content\/plugins\/multisite-language-switcher\/css-flags\/flags\/4x3\/de.svg\" style=\"height: 1.25rem;\" alt=\"Flag de\" title=\"DE\"\/>\u00a0<\/strong><br \/>\n<strong>Datum zve\u0159ejn\u011bn\u00ed:<\/strong> 25.01.2024<br \/>\nDr. Josef Franko v tomto rozhovoru p\u0159edstavuje v\u00edce\u00fa\u010delov\u00e9ho robota poh\u00e1n\u011bn\u00e9ho slune\u010dn\u00ed energi\u00ed, kter\u00fd slou\u017e\u00ed k s\u00e1zen\u00ed, zavla\u017eov\u00e1n\u00ed, ochran\u011b a sklizni plodin. AI.Land se p\u0159ipojuje k Agrobusiness Niederrhein zab\u00fdvaj\u00edc\u00ed se inovativn\u00ed robotikou.<\/p>\n<p>\u010ct\u011bte zde:<a href=\"https:\/\/www.dega-gartenbau.de\/aktuelles\/news-gartenbau\/robotik-und-ki-fuer-die-landwirtschaft-ai-land-ist-jetzt-mitglied-bei-agrobusiness-niederrhein,QUlEPTc4NDI2MDgmTUlEPTE3NzcyNg.html?UID=0E0F45B72F81D2F46C5A4851555FA9AF04CF01913844DB\"> dega-gartenbau.de<\/a><\/p>\n<p>&nbsp;<\/p><div class=\"acf-fields-container\" data-post-id=\"4423\" data-canto-acf=\"true\"><\/div><style>\r\n        .acf-fields-container {\r\n            margin: 2em 0;\r\n            width: 100%;\r\n            clear: both;\r\n        }\r\n        .acf-field-image {\r\n            margin: 1.5em 0;\r\n            position: relative;\r\n        }\r\n        .acf-field-label {\r\n            margin-bottom: 1em;\r\n        }\r\n        .acf-image {\r\n            max-width: 100%;\r\n            height: auto;\r\n            display: block;\r\n            margin: 1em 0;\r\n        }\r\n    <\/style>","protected":false},"featured_media":0,"template":"","meta":{"_acf_changed":false,"inline_featured_image":false},"sustainabilitycategory":[111],"class_list":["post-4423","sustainability","type-sustainability","status-publish","hentry","sustainabilitycategory-smisena-temata"],"acf":[],"_links":{"self":[{"href":"https:\/\/pfe-trade.com\/cs\/wp-json\/wp\/v2\/sustainability\/4423","targetHints":{"allow":["GET"]}}],"collection":[{"href":"https:\/\/pfe-trade.com\/cs\/wp-json\/wp\/v2\/sustainability"}],"about":[{"href":"https:\/\/pfe-trade.com\/cs\/wp-json\/wp\/v2\/types\/sustainability"}],"wp:attachment":[{"href":"https:\/\/pfe-trade.com\/cs\/wp-json\/wp\/v2\/media?parent=4423"}],"wp:term":[{"taxonomy":"sustainabilitycategory","embeddable":true,"href":"https:\/\/pfe-trade.com\/cs\/wp-json\/wp\/v2\/sustainabilitycategory?post=4423"}],"curies":[{"name":"wp","href":"https:\/\/api.w.org\/{rel}","templated":true}]}}

Robotika a umělá inteligence pro zemědělství – AI.Land je nyní členem Agrobusiness Niederrhein

<p><strong>Téma:</strong> Smíšené<br />
<strong>Jazyk zdroje: <img decoding="async" src="/wp-content/plugins/multisite-language-switcher/css-flags/flags/4x3/de.svg" style="height: 1.25rem;" alt="Flag de" title="DE"/> </strong><br />
<strong>Datum zveřejnění:</strong> 25.01.2024<br />
Dr. Josef Franko v tomto rozhovoru představuje víceúčelového robota poháněného sluneční energií, který slouží k sázení, zavlažování, ochraně a sklizni plodin. AI.Land se připojuje k Agrobusiness Niederrhein zabývající se inovativní robotikou.</p>
<p>Čtěte zde:<a href="https://www.dega-gartenbau.de/aktuelles/news-gartenbau/robotik-und-ki-fuer-die-landwirtschaft-ai-land-ist-jetzt-mitglied-bei-agrobusiness-niederrhein,QUlEPTc4NDI2MDgmTUlEPTE3NzcyNg.html?UID=0E0F45B72F81D2F46C5A4851555FA9AF04CF01913844DB"> dega-gartenbau.de</a></p>
<p>&nbsp;</p><div class="acf-fields-container" data-post-id="4423" data-canto-acf="true"></div><style>
        .acf-fields-container {
            margin: 2em 0;
            width: 100%;
            clear: both;
        }
        .acf-field-image {
            margin: 1.5em 0;
            position: relative;
        }
        .acf-field-label {
            margin-bottom: 1em;
        }
        .acf-image {
            max-width: 100%;
            height: auto;
            display: block;
            margin: 1em 0;
        }
    </style>
